{"id":2096,"date":"2022-08-10T16:52:51","date_gmt":"2022-08-10T16:52:51","guid":{"rendered":"https:\/\/inertiawp.com\/demo\/?page_id=2096"},"modified":"2025-10-05T09:47:39","modified_gmt":"2025-10-05T09:47:39","slug":"about-me","status":"publish","type":"page","link":"https:\/\/dancingwarrior.de\/?page_id=2096","title":{"rendered":"About me"},"content":{"rendered":"\n<div class=\"wp-block-columns alignwide is-layout-flex wp-container-core-columns-is-layout-9d6595d7 wp-block-columns-is-layout-flex\">\n<div class=\"wp-block-column is-layout-flow wp-block-column-is-layout-flow\">\n<h2 class=\"wp-block-heading\">Moin,<\/h2>\n\n\n\n<h2 class=\"wp-block-heading\">ich bin Eva.<\/h2>\n<\/div>\n\n\n\n<div class=\"wp-block-column is-layout-flow wp-block-column-is-layout-flow\">\n<p>Wir alle sind vieles in unserem Leben.<br>Sind wir die Stationen unseres Lebenslaufs? Sicher nicht. Im besten Fall sind wir die L\u00fccken darin.<br>Meine gro\u00dfe Liebe ist die Sprache. Ich hab immer gelesen und geschrieben.&nbsp;<\/p>\n\n\n\n<p>Achtsamkeit ist f\u00fcr mich ein gro\u00dfes Thema. Durch meine hohes Einf\u00fchlungsverm\u00f6gen bin ich die geborene Projektmanagerin. <\/p>\n<\/div>\n\n\n\n<div class=\"wp-block-column is-layout-flow wp-block-column-is-layout-flow\">\n<p>Wenn es uns gelingt, die Erwartungen abzuwerfen, wie und wer wir sein sollten, dann ist die Frage, wer wir sind, deutlich leichter zu beantworten.<\/p>\n\n\n\n<p>Ich glaube fest an die Macht der Worte. In ihnen steckt die revolution\u00e4re Kraft der Ver\u00e4nderung und die F\u00e4higkeit, ganze Welten zu erschaffen.&nbsp;<\/p>\n\n\n\n<p>Es bedarf der F\u00e4higkeit, die Welt von au\u00dfen zu betrachten und neue Perspektiven einnehmen zu k\u00f6nnen, um sie zu gestalten.<\/p>\n<\/div>\n<\/div>\n\n\n\n<p><\/p>\n\n\n\n<h3 class=\"wp-block-heading\">Wer bin ich noch?<\/h3>\n\n\n\n<p>Kulturwissenschaftlerin mit Abschluss der Leuphana Universit\u00e4t L\u00fcneburg. Ich denke interdisziplin\u00e4r, alle Aspekte einbeziehend. <br>Vor allem aber bin ich Sportlerin \u2013 wenn es darauf ankommt, bin ich zu 200% da. Das Ziel klar vor Augen, mit Wettkampfspirit.\u00a0<br>Ich bin Yogi (it\u2019s all about alignment and the flow), Bergsteigerin (selbsterkl\u00e4rend) und immer wach, wenn die Sonne aufgeht. Wenn es hell wird, gehe ich los.<\/p>\n\n\n\n<div class=\"wp-block-cover alignfull is-light\"><img loading=\"lazy\" decoding=\"async\" width=\"2560\" height=\"1487\" class=\"wp-block-cover__image-background wp-image-2763\" alt=\"\" src=\"https:\/\/dancingwarrior.de\/wp-content\/uploads\/2023\/04\/IMG_3151-scaled.jpeg\" data-object-fit=\"cover\" srcset=\"https:\/\/dancingwarrior.de\/wp-content\/uploads\/2023\/04\/IMG_3151-scaled.jpeg 2560w, https:\/\/dancingwarrior.de\/wp-content\/uploads\/2023\/04\/IMG_3151-300x174.jpeg 300w, https:\/\/dancingwarrior.de\/wp-content\/uploads\/2023\/04\/IMG_3151-1024x595.jpeg 1024w, https:\/\/dancingwarrior.de\/wp-content\/uploads\/2023\/04\/IMG_3151-768x446.jpeg 768w, https:\/\/dancingwarrior.de\/wp-content\/uploads\/2023\/04\/IMG_3151-1536x892.jpeg 1536w\" sizes=\"auto, (max-width: 2560px) 100vw, 2560px\" \/><span aria-hidden=\"true\" class=\"wp-block-cover__background has-background-dim\"><\/span><div class=\"wp-block-cover__inner-container is-layout-flow wp-block-cover-is-layout-flow\">\n<p class=\"has-text-align-center has-white-color has-text-color has-large-font-size\">Folg mir auf Instagram @rockchickdeluxe<\/p>\n<\/div><\/div>\n\n\n\n<p><\/p>\n\n\n\n<h3 class=\"wp-block-heading\">Der tanzende Krieger, der Dancing Warrior<\/h3>\n\n\n\n<p>Der tanzende Krieger, der Dancing Warrior, beschreibt einen Yoga Flow, der die Anmut und den Rhythmus des Tanzens mit der Kraft und Energie der Krieger Posen verbindet. Der Dancing Warrior steht f\u00fcr Flexibilit\u00e4t, St\u00e4rke und Ausdauer. Bewegung und Offenheit stehen auf einem starken Fundament.<\/p>\n\n\n\n<p>Den Rest erz\u00e4hl ich Ihnen gern bei einem Tee oder Kaffee.&nbsp;<\/p>\n\n\n\n<div style=\"height:100px\" aria-hidden=\"true\" class=\"wp-block-spacer\"><\/div>\n","protected":false},"excerpt":{"rendered":"<p>Moin, ich bin Eva. Wir alle sind vieles in unserem Leben.Sind wir die Stationen unseres Lebenslaufs? Sicher nicht. Im besten Fall sind wir die L\u00fccken darin.Meine gro\u00dfe Liebe ist die Sprache. Ich hab immer gelesen und geschrieben.&nbsp; Achtsamkeit ist f\u00fcr mich ein gro\u00dfes Thema. Durch meine hohes Einf\u00fchlungsverm\u00f6gen bin ich die geborene Projektmanagerin. Wenn es uns gelingt, die Erwartungen abzuwerfen, wie und wer wir sein sollten, dann ist die Frage, wer wir sind, deutlich leichter zu beantworten. Ich glaube fest an die Macht der Worte. In ihnen steckt die revolution\u00e4re Kraft der Ver\u00e4nderung und die F\u00e4higkeit, ganze Welten zu erschaffen.&nbsp; Es bedarf der F\u00e4higkeit, die Welt von au\u00dfen zu betrachten und neue Perspektiven einnehmen zu k\u00f6nnen, um sie zu gestalten&#8230;.<\/p>\n","protected":false},"author":1,"featured_media":2368,"parent":0,"menu_order":0,"comment_status":"closed","ping_status":"closed","template":"","meta":{"footnotes":""},"class_list":["post-2096","page","type-page","status-publish","has-post-thumbnail","hentry"],"yoast_head":"<!-- This site is optimized with the Yoast SEO plugin v27.4 - https:\/\/yoast.com\/product\/yoast-seo-wordpress\/ -->\n<title>About me - rockchickdeluxe<\/title>\n<meta name=\"description\" content=\"Cras ornare arcu dui vivamus arcu felis bibendum ut tristique. Et sollicitudin ac orci phasellus egestas tellus.\" \/>\n<meta name=\"robots\" content=\"index, follow, max-snippet:-1, max-image-preview:large, max-video-preview:-1\" \/>\n<link rel=\"canonical\" href=\"https:\/\/dancingwarrior.de\/?page_id=2096\" \/>\n<meta property=\"og:locale\" content=\"en_US\" \/>\n<meta property=\"og:type\" content=\"article\" \/>\n<meta property=\"og:title\" content=\"About me - rockchickdeluxe\" \/>\n<meta property=\"og:description\" content=\"Cras ornare arcu dui vivamus arcu felis bibendum ut tristique. Et sollicitudin ac orci phasellus egestas tellus.\" \/>\n<meta property=\"og:url\" content=\"https:\/\/dancingwarrior.de\/?page_id=2096\" \/>\n<meta property=\"og:site_name\" content=\"rockchickdeluxe\" \/>\n<meta property=\"article:modified_time\" content=\"2025-10-05T09:47:39+00:00\" \/>\n<meta property=\"og:image\" content=\"https:\/\/dancingwarrior.de\/wp-content\/uploads\/2023\/03\/IMG_9702-scaled-e1677843654126.jpeg\" \/>\n\t<meta property=\"og:image:width\" content=\"2560\" \/>\n\t<meta property=\"og:image:height\" content=\"1350\" \/>\n\t<meta property=\"og:image:type\" content=\"image\/jpeg\" \/>\n<meta name=\"twitter:card\" content=\"summary_large_image\" \/>\n<meta name=\"twitter:label1\" content=\"Est. reading time\" \/>\n\t<meta name=\"twitter:data1\" content=\"2 minutes\" \/>\n<script type=\"application\/ld+json\" class=\"yoast-schema-graph\">{\"@context\":\"https:\\\/\\\/schema.org\",\"@graph\":[{\"@type\":\"WebPage\",\"@id\":\"https:\\\/\\\/dancingwarrior.de\\\/?page_id=2096\",\"url\":\"https:\\\/\\\/dancingwarrior.de\\\/?page_id=2096\",\"name\":\"About me - rockchickdeluxe\",\"isPartOf\":{\"@id\":\"https:\\\/\\\/dancingwarrior.de\\\/#website\"},\"primaryImageOfPage\":{\"@id\":\"https:\\\/\\\/dancingwarrior.de\\\/?page_id=2096#primaryimage\"},\"image\":{\"@id\":\"https:\\\/\\\/dancingwarrior.de\\\/?page_id=2096#primaryimage\"},\"thumbnailUrl\":\"https:\\\/\\\/dancingwarrior.de\\\/wp-content\\\/uploads\\\/2023\\\/03\\\/IMG_9702-scaled-e1677843654126.jpeg\",\"datePublished\":\"2022-08-10T16:52:51+00:00\",\"dateModified\":\"2025-10-05T09:47:39+00:00\",\"description\":\"Cras ornare arcu dui vivamus arcu felis bibendum ut tristique. Et sollicitudin ac orci phasellus egestas tellus.\",\"inLanguage\":\"en-US\",\"potentialAction\":[{\"@type\":\"ReadAction\",\"target\":[\"https:\\\/\\\/dancingwarrior.de\\\/?page_id=2096\"]}]},{\"@type\":\"ImageObject\",\"inLanguage\":\"en-US\",\"@id\":\"https:\\\/\\\/dancingwarrior.de\\\/?page_id=2096#primaryimage\",\"url\":\"https:\\\/\\\/dancingwarrior.de\\\/wp-content\\\/uploads\\\/2023\\\/03\\\/IMG_9702-scaled-e1677843654126.jpeg\",\"contentUrl\":\"https:\\\/\\\/dancingwarrior.de\\\/wp-content\\\/uploads\\\/2023\\\/03\\\/IMG_9702-scaled-e1677843654126.jpeg\",\"width\":2560,\"height\":1350,\"caption\":\"About me\"},{\"@type\":\"WebSite\",\"@id\":\"https:\\\/\\\/dancingwarrior.de\\\/#website\",\"url\":\"https:\\\/\\\/dancingwarrior.de\\\/\",\"name\":\"rockchickdeluxe\",\"description\":\"Text Kreation Strategie\",\"publisher\":{\"@id\":\"https:\\\/\\\/dancingwarrior.de\\\/#organization\"},\"potentialAction\":[{\"@type\":\"SearchAction\",\"target\":{\"@type\":\"EntryPoint\",\"urlTemplate\":\"https:\\\/\\\/dancingwarrior.de\\\/?s={search_term_string}\"},\"query-input\":{\"@type\":\"PropertyValueSpecification\",\"valueRequired\":true,\"valueName\":\"search_term_string\"}}],\"inLanguage\":\"en-US\"},{\"@type\":\"Organization\",\"@id\":\"https:\\\/\\\/dancingwarrior.de\\\/#organization\",\"name\":\"rockchickdeluxe\",\"url\":\"https:\\\/\\\/dancingwarrior.de\\\/\",\"logo\":{\"@type\":\"ImageObject\",\"inLanguage\":\"en-US\",\"@id\":\"https:\\\/\\\/dancingwarrior.de\\\/#\\\/schema\\\/logo\\\/image\\\/\",\"url\":\"https:\\\/\\\/dancingwarrior.de\\\/wp-content\\\/uploads\\\/2023\\\/02\\\/Logo-vector.png\",\"contentUrl\":\"https:\\\/\\\/dancingwarrior.de\\\/wp-content\\\/uploads\\\/2023\\\/02\\\/Logo-vector.png\",\"width\":1200,\"height\":854,\"caption\":\"rockchickdeluxe\"},\"image\":{\"@id\":\"https:\\\/\\\/dancingwarrior.de\\\/#\\\/schema\\\/logo\\\/image\\\/\"}}]}<\/script>\n<!-- \/ Yoast SEO plugin. -->","yoast_head_json":{"title":"About me - rockchickdeluxe","description":"Cras ornare arcu dui vivamus arcu felis bibendum ut tristique. Et sollicitudin ac orci phasellus egestas tellus.","robots":{"index":"index","follow":"follow","max-snippet":"max-snippet:-1","max-image-preview":"max-image-preview:large","max-video-preview":"max-video-preview:-1"},"canonical":"https:\/\/dancingwarrior.de\/?page_id=2096","og_locale":"en_US","og_type":"article","og_title":"About me - rockchickdeluxe","og_description":"Cras ornare arcu dui vivamus arcu felis bibendum ut tristique. Et sollicitudin ac orci phasellus egestas tellus.","og_url":"https:\/\/dancingwarrior.de\/?page_id=2096","og_site_name":"rockchickdeluxe","article_modified_time":"2025-10-05T09:47:39+00:00","og_image":[{"width":2560,"height":1350,"url":"https:\/\/dancingwarrior.de\/wp-content\/uploads\/2023\/03\/IMG_9702-scaled-e1677843654126.jpeg","type":"image\/jpeg"}],"twitter_card":"summary_large_image","twitter_misc":{"Est. reading time":"2 minutes"},"schema":{"@context":"https:\/\/schema.org","@graph":[{"@type":"WebPage","@id":"https:\/\/dancingwarrior.de\/?page_id=2096","url":"https:\/\/dancingwarrior.de\/?page_id=2096","name":"About me - rockchickdeluxe","isPartOf":{"@id":"https:\/\/dancingwarrior.de\/#website"},"primaryImageOfPage":{"@id":"https:\/\/dancingwarrior.de\/?page_id=2096#primaryimage"},"image":{"@id":"https:\/\/dancingwarrior.de\/?page_id=2096#primaryimage"},"thumbnailUrl":"https:\/\/dancingwarrior.de\/wp-content\/uploads\/2023\/03\/IMG_9702-scaled-e1677843654126.jpeg","datePublished":"2022-08-10T16:52:51+00:00","dateModified":"2025-10-05T09:47:39+00:00","description":"Cras ornare arcu dui vivamus arcu felis bibendum ut tristique. Et sollicitudin ac orci phasellus egestas tellus.","inLanguage":"en-US","potentialAction":[{"@type":"ReadAction","target":["https:\/\/dancingwarrior.de\/?page_id=2096"]}]},{"@type":"ImageObject","inLanguage":"en-US","@id":"https:\/\/dancingwarrior.de\/?page_id=2096#primaryimage","url":"https:\/\/dancingwarrior.de\/wp-content\/uploads\/2023\/03\/IMG_9702-scaled-e1677843654126.jpeg","contentUrl":"https:\/\/dancingwarrior.de\/wp-content\/uploads\/2023\/03\/IMG_9702-scaled-e1677843654126.jpeg","width":2560,"height":1350,"caption":"About me"},{"@type":"WebSite","@id":"https:\/\/dancingwarrior.de\/#website","url":"https:\/\/dancingwarrior.de\/","name":"rockchickdeluxe","description":"Text Kreation Strategie","publisher":{"@id":"https:\/\/dancingwarrior.de\/#organization"},"potentialAction":[{"@type":"SearchAction","target":{"@type":"EntryPoint","urlTemplate":"https:\/\/dancingwarrior.de\/?s={search_term_string}"},"query-input":{"@type":"PropertyValueSpecification","valueRequired":true,"valueName":"search_term_string"}}],"inLanguage":"en-US"},{"@type":"Organization","@id":"https:\/\/dancingwarrior.de\/#organization","name":"rockchickdeluxe","url":"https:\/\/dancingwarrior.de\/","logo":{"@type":"ImageObject","inLanguage":"en-US","@id":"https:\/\/dancingwarrior.de\/#\/schema\/logo\/image\/","url":"https:\/\/dancingwarrior.de\/wp-content\/uploads\/2023\/02\/Logo-vector.png","contentUrl":"https:\/\/dancingwarrior.de\/wp-content\/uploads\/2023\/02\/Logo-vector.png","width":1200,"height":854,"caption":"rockchickdeluxe"},"image":{"@id":"https:\/\/dancingwarrior.de\/#\/schema\/logo\/image\/"}}]}},"_links":{"self":[{"href":"https:\/\/dancingwarrior.de\/index.php?rest_route=\/wp\/v2\/pages\/2096","targetHints":{"allow":["GET"]}}],"collection":[{"href":"https:\/\/dancingwarrior.de\/index.php?rest_route=\/wp\/v2\/pages"}],"about":[{"href":"https:\/\/dancingwarrior.de\/index.php?rest_route=\/wp\/v2\/types\/page"}],"author":[{"embeddable":true,"href":"https:\/\/dancingwarrior.de\/index.php?rest_route=\/wp\/v2\/users\/1"}],"replies":[{"embeddable":true,"href":"https:\/\/dancingwarrior.de\/index.php?rest_route=%2Fwp%2Fv2%2Fcomments&post=2096"}],"version-history":[{"count":15,"href":"https:\/\/dancingwarrior.de\/index.php?rest_route=\/wp\/v2\/pages\/2096\/revisions"}],"predecessor-version":[{"id":3038,"href":"https:\/\/dancingwarrior.de\/index.php?rest_route=\/wp\/v2\/pages\/2096\/revisions\/3038"}],"wp:featuredmedia":[{"embeddable":true,"href":"https:\/\/dancingwarrior.de\/index.php?rest_route=\/wp\/v2\/media\/2368"}],"wp:attachment":[{"href":"https:\/\/dancingwarrior.de\/index.php?rest_route=%2Fwp%2Fv2%2Fmedia&parent=2096"}],"curies":[{"name":"wp","href":"https:\/\/api.w.org\/{rel}","templated":true}]}}