{"id":2452,"date":"2023-04-01T16:32:10","date_gmt":"2023-04-01T16:32:10","guid":{"rendered":"https:\/\/dancingwarrior.de\/?page_id=2452"},"modified":"2026-01-26T11:55:36","modified_gmt":"2026-01-26T10:55:36","slug":"impressum","status":"publish","type":"page","link":"https:\/\/dancingwarrior.de\/?page_id=2452","title":{"rendered":"Impressum"},"content":{"rendered":"\n<p class=\"has-background\" style=\"background-color:#7bdbb500\"><strong>Impressum<\/strong><\/p>\n\n\n\n<p class=\"has-background\" style=\"background-color:#7bdbb500\">Angaben gem. \u00a7 5 TMG:<\/p>\n\n\n\n<p class=\"has-background\" style=\"background-color:#7bdbb540\">Eva-Marie Mallmann<br>Hasselbrook 8<br>24582 Bordesholm<\/p>\n\n\n\n<p class=\"has-background\" style=\"background-color:#7bdbb540\">Kontaktaufnahme:<br>Telefon: +49 (0)173 6238990<br>E-Mail: em@floatingelements.de<\/p>\n\n\n\n<p class=\"has-background\" style=\"background-color:#7bdbb540\"><strong>Steuernummer:<\/strong><br>24 142 61012<\/p>\n\n\n\n<p class=\"has-background\" style=\"background-color:#fcb90030\"><strong>Konzept und Gestaltung<\/strong>:<br>rockchickdeluxe \u2013 eva-marie mallmann<\/p>\n\n\n\n<p class=\"has-background\" style=\"background-color:#ff6a0021\"><strong>Programmierung:<\/strong><br>netzkorsaren \u2013 agentur f\u00fcr digitale medien<br><a href=\"http:\/\/netzkorsaren.de\" type=\"link\" id=\"netzkorsaren.de\">www.netzkorsaren.de<\/a><br>und rockchickdeluxe \u2013 eva-marie mallmann <\/p>\n\n\n\n<p class=\"has-background\" style=\"background-color:#8dd2fc38\"><strong>Bildnachweise:<\/strong><br>Beitragsbilder: <strong>Eva-Marie Mallmann<\/strong><br><br>au\u00dfer: <br>Beitragsbild &#8220;Das Hafenweib&#8221;: Produktfoto von &#8220;Das Hafenweib&#8221; &#8211; Yvonne Gr\u00fcnewald.<br>Beitragsbild &#8220;Ghost &#8211; Markenseite&#8221;: Screenshot der Website von Flizz Eurobike auf eurobike.de<br>Beitragsbild &#8220;Flyer &#8211; Markenseite&#8221;: Screenshot der Website von Flizz Eurobike auf eurobike.de<br>Beitragsbild &#8220;Saisonstart 2023 bei Flizz Eurobike&#8221; : Screenshot des pdfs des Artikels aus der Lokalzeitung Aachen<br>Beitragsbild &#8220;Yachtausr\u00fcstung Hamburg in der Hansa&#8221;: Screenshot des pdfs des Artikels aus der Hansa. Fotos im Artikel von mir, Eva-Marie Mallmann<br>Beitragsbild &#8220;Active Base Layer Top&#8221;: Produktfoto von Musto von der Website yachtausruestung-hh.de<br>Beitragsbild &#8220;Aqua Parka&#8221; von der Website yachtausruestung-hh.de<br>Bilder &#8220;USPs f\u00fcr Lottili&#8221; &#8220;FAQs Lottili&#8221; und alle Blogbeitr\u00e4ge f\u00fcr Lottili von der Website &#8220;lottili.de&#8221;<br>Beitragsbilder in den Beitr\u00e4gen \u00fcber die Fleischloserei: Fotos von der Fleischloserei (Silke Bernhardt) oder der Website fleischloserei.at<br>Beitragsbilder in den Beitr\u00e4gen \u00fcber Hamburg Zanzibar: Fotos von der Website hamburg-zanzibar.de oder <br>&#8220;with the courtesy of Yuka Suzuki &amp; Hauke G\u00fcnther. Proud owners of Hamburg Zanzibar&#8221;.<\/p>\n\n\n\n<p><strong>Haftungsausschluss \u2013 Disclaimer:<\/strong><\/p>\n\n\n\n<p>Haftung f\u00fcr Inhalte<\/p>\n\n\n\n<p>Alle Inhalte unseres Internetauftritts wurden mit gr\u00f6\u00dfter Sorgfalt und nach bestem Gewissen erstellt. F\u00fcr die Richtigkeit, Vollst\u00e4ndigkeit und Aktualit\u00e4t der Inhalte k\u00f6nnen wir jedoch keine Gew\u00e4hr \u00fcbernehmen. Als Diensteanbieter sind wir gem\u00e4\u00df \u00a7 7 Abs.1 TMG f\u00fcr eigene Inhalte auf diesen Seiten nach den allgemeinen Gesetzen verantwortlich. Nach \u00a7\u00a7 8 bis 10 TMG sind wir als Diensteanbieter jedoch nicht verpflichtet, \u00fcbermittelte oder gespeicherte fremde Informationen zu \u00fcberwachen oder nach Umst\u00e4nden zu forschen, die auf eine rechtswidrige T\u00e4tigkeit hinweisen. Verpflichtungen zur Entfernung oder Sperrung der Nutzung von Informationen nach den allgemeinen Gesetzen bleiben hiervon unber\u00fchrt.<\/p>\n\n\n\n<p>Eine diesbez\u00fcgliche Haftung ist jedoch erst ab dem Zeitpunkt der Kenntniserlangung einer konkreten Rechtsverletzung m\u00f6glich. Bei Bekanntwerden von den o.g. Rechtsverletzungen werden wir diese Inhalte unverz\u00fcglich entfernen.<\/p>\n\n\n\n<p>Haftungsbeschr\u00e4nkung f\u00fcr externe Links<\/p>\n\n\n\n<p>Unsere Webseite enth\u00e4lt Links auf externe Webseiten Dritter. Auf die Inhalte dieser direkt oder indirekt verlinkten Webseiten haben wir keinen Einfluss. Daher k\u00f6nnen wir f\u00fcr die \u201eexternen Links\u201c auch keine Gew\u00e4hr auf Richtigkeit der Inhalte \u00fcbernehmen. F\u00fcr die Inhalte der externen Links sind die jeweilige Anbieter oder Betreiber (Urheber) der Seiten verantwortlich.<\/p>\n\n\n\n<p>Die externen Links wurden zum Zeitpunkt der Linksetzung auf eventuelle Rechtsverst\u00f6\u00dfe \u00fcberpr\u00fcft und waren im Zeitpunkt der Linksetzung frei von rechtswidrigen Inhalten. Eine st\u00e4ndige inhaltliche \u00dcberpr\u00fcfung der externen Links ist ohne konkrete Anhaltspunkte einer Rechtsverletzung nicht m\u00f6glich. Bei direkten oder indirekten Verlinkungen auf die Webseiten Dritter, die au\u00dferhalb unseres Verantwortungsbereichs liegen, w\u00fcrde eine Haftungsverpflichtung ausschlie\u00dflich in dem Fall nur bestehen, wenn wir von den Inhalten Kenntnis erlangen und es uns technisch m\u00f6glich und zumutbar w\u00e4re, die Nutzung im Falle rechtswidriger Inhalte zu verhindern.<\/p>\n\n\n\n<p>Diese Haftungsausschlusserkl\u00e4rung gilt auch innerhalb des eigenen Internetauftrittes \u201edancingwarrior.de\u201c gesetzten Links und Verweise von Fragestellern, Blogeintr\u00e4gern, G\u00e4sten des Diskussionsforums. F\u00fcr illegale, fehlerhafte oder unvollst\u00e4ndige Inhalte und insbesondere f\u00fcr Sch\u00e4den, die aus der Nutzung oder Nichtnutzung solcherart dargestellten Informationen entstehen, haftet allein der Diensteanbieter der Seite, auf welche verwiesen wurde, nicht derjenige, der \u00fcber Links auf die jeweilige Ver\u00f6ffentlichung lediglich verweist.<\/p>\n\n\n\n<p>Werden uns Rechtsverletzungen bekannt, werden die externen Links durch uns unverz\u00fcglich entfernt.<\/p>\n\n\n\n<p>Urheberrecht<\/p>\n\n\n\n<p>Die auf unserer Webseite ver\u00f6ffentlichen Inhalte und Werke unterliegen dem deutschen Urheberrecht (<a href=\"http:\/\/www.gesetze-im-internet.de\/bundesrecht\/urhg\/gesamt.pdf\" target=\"_blank\" rel=\"noreferrer noopener\">http:\/\/www.gesetze-im-internet.de\/bundesrecht\/urhg\/gesamt.pdf<\/a>) . Die Vervielf\u00e4ltigung, Bearbeitung, Verbreitung und jede Art der Verwertung des geistigen Eigentums in ideeller und materieller Sicht des Urhebers au\u00dferhalb der Grenzen des Urheberrechtes bed\u00fcrfen der vorherigen schriftlichen Zustimmung des jeweiligen Urhebers i.S.d. Urhebergesetzes (<a href=\"http:\/\/www.gesetze-im-internet.de\/bundesrecht\/urhg\/gesamt.pdf\" target=\"_blank\" rel=\"noreferrer noopener\">http:\/\/www.gesetze-im-internet.de\/bundesrecht\/urhg\/gesamt.pdf<\/a>). Downloads und Kopien dieser Seite sind nur f\u00fcr den privaten und nicht kommerziellen Gebrauch erlaubt. Sind die Inhalte auf unserer Webseite nicht von uns erstellt wurden, sind die Urheberrechte Dritter zu beachten. Die Inhalte Dritter werden als solche kenntlich gemacht. Sollten Sie trotzdem auf eine Urheberrechtsverletzung aufmerksam werden, bitten wir um einen entsprechenden Hinweis. Bei Bekanntwerden von Rechtsverletzungen werden wir derartige Inhalte unverz\u00fcglich entfernen.<\/p>\n\n\n\n<p>Dieses&nbsp;Impressum wurde freundlicherweise von&nbsp;jurarat.de&nbsp;zur Verf\u00fcgung gestellt.<\/p>\n","protected":false},"excerpt":{"rendered":"<p>Impressum Angaben gem. \u00a7 5 TMG: Eva-Marie MallmannHasselbrook 824582 Bordesholm Kontaktaufnahme:Telefon: +49 (0)173 6238990E-Mail: em@floatingelements.de Steuernummer:24 142 61012 Konzept und Gestaltung:rockchickdeluxe \u2013 eva-marie mallmann Programmierung:netzkorsaren \u2013 agentur f\u00fcr digitale medienwww.netzkorsaren.deund rockchickdeluxe \u2013 eva-marie mallmann Bildnachweise:Beitragsbilder: Eva-Marie Mallmann au\u00dfer: Beitragsbild &#8220;Das Hafenweib&#8221;: Produktfoto von &#8220;Das Hafenweib&#8221; &#8211; Yvonne Gr\u00fcnewald.Beitragsbild &#8220;Ghost &#8211; Markenseite&#8221;: Screenshot der Website von Flizz Eurobike auf eurobike.deBeitragsbild &#8220;Flyer &#8211; Markenseite&#8221;: Screenshot der Website von Flizz Eurobike auf eurobike.deBeitragsbild &#8220;Saisonstart 2023 bei Flizz Eurobike&#8221; : Screenshot des pdfs des Artikels aus der Lokalzeitung AachenBeitragsbild &#8220;Yachtausr\u00fcstung Hamburg in der Hansa&#8221;: Screenshot des pdfs des Artikels aus der Hansa. Fotos im Artikel von mir, Eva-Marie MallmannBeitragsbild &#8220;Active Base Layer Top&#8221;: Produktfoto von Musto von der Website yachtausruestung-hh.deBeitragsbild &#8220;Aqua Parka&#8221; von der&#8230;<\/p>\n","protected":false},"author":1,"featured_media":2455,"parent":0,"menu_order":0,"comment_status":"closed","ping_status":"closed","template":"","meta":{"footnotes":""},"class_list":["post-2452","page","type-page","status-publish","has-post-thumbnail","hentry"],"yoast_head":"<!-- This site is optimized with the Yoast SEO plugin v27.4 - https:\/\/yoast.com\/product\/yoast-seo-wordpress\/ -->\n<title>Impressum - rockchickdeluxe<\/title>\n<meta name=\"description\" content=\"Impressum f\u00fcr die Website dancingwarrior.de. Schauen Sie ins Impressum f\u00fcr die rechtlichen Angaben meines Unternehmens.\" \/>\n<meta name=\"robots\" content=\"index, follow, max-snippet:-1, max-image-preview:large, max-video-preview:-1\" \/>\n<link rel=\"canonical\" href=\"https:\/\/dancingwarrior.de\/?page_id=2452\" \/>\n<meta property=\"og:locale\" content=\"en_US\" \/>\n<meta property=\"og:type\" content=\"article\" \/>\n<meta property=\"og:title\" content=\"Impressum - rockchickdeluxe\" \/>\n<meta property=\"og:description\" content=\"Impressum f\u00fcr die Website dancingwarrior.de. Schauen Sie ins Impressum f\u00fcr die rechtlichen Angaben meines Unternehmens.\" \/>\n<meta property=\"og:url\" content=\"https:\/\/dancingwarrior.de\/?page_id=2452\" \/>\n<meta property=\"og:site_name\" content=\"rockchickdeluxe\" \/>\n<meta property=\"article:modified_time\" content=\"2026-01-26T10:55:36+00:00\" \/>\n<meta property=\"og:image\" content=\"https:\/\/dancingwarrior.de\/wp-content\/uploads\/2023\/04\/Impressum.jpg\" \/>\n\t<meta property=\"og:image:width\" content=\"1024\" \/>\n\t<meta property=\"og:image:height\" content=\"390\" \/>\n\t<meta property=\"og:image:type\" content=\"image\/jpeg\" \/>\n<meta name=\"twitter:card\" content=\"summary_large_image\" \/>\n<meta name=\"twitter:label1\" content=\"Est. reading time\" \/>\n\t<meta name=\"twitter:data1\" content=\"4 minutes\" \/>\n<script type=\"application\/ld+json\" class=\"yoast-schema-graph\">{\"@context\":\"https:\\\/\\\/schema.org\",\"@graph\":[{\"@type\":\"WebPage\",\"@id\":\"https:\\\/\\\/dancingwarrior.de\\\/?page_id=2452\",\"url\":\"https:\\\/\\\/dancingwarrior.de\\\/?page_id=2452\",\"name\":\"Impressum - rockchickdeluxe\",\"isPartOf\":{\"@id\":\"https:\\\/\\\/dancingwarrior.de\\\/#website\"},\"primaryImageOfPage\":{\"@id\":\"https:\\\/\\\/dancingwarrior.de\\\/?page_id=2452#primaryimage\"},\"image\":{\"@id\":\"https:\\\/\\\/dancingwarrior.de\\\/?page_id=2452#primaryimage\"},\"thumbnailUrl\":\"https:\\\/\\\/dancingwarrior.de\\\/wp-content\\\/uploads\\\/2023\\\/04\\\/Impressum.jpg\",\"datePublished\":\"2023-04-01T16:32:10+00:00\",\"dateModified\":\"2026-01-26T10:55:36+00:00\",\"description\":\"Impressum f\u00fcr die Website dancingwarrior.de. Schauen Sie ins Impressum f\u00fcr die rechtlichen Angaben meines Unternehmens.\",\"inLanguage\":\"en-US\",\"potentialAction\":[{\"@type\":\"ReadAction\",\"target\":[\"https:\\\/\\\/dancingwarrior.de\\\/?page_id=2452\"]}]},{\"@type\":\"ImageObject\",\"inLanguage\":\"en-US\",\"@id\":\"https:\\\/\\\/dancingwarrior.de\\\/?page_id=2452#primaryimage\",\"url\":\"https:\\\/\\\/dancingwarrior.de\\\/wp-content\\\/uploads\\\/2023\\\/04\\\/Impressum.jpg\",\"contentUrl\":\"https:\\\/\\\/dancingwarrior.de\\\/wp-content\\\/uploads\\\/2023\\\/04\\\/Impressum.jpg\",\"width\":1024,\"height\":390,\"caption\":\"Bild Impressum\"},{\"@type\":\"WebSite\",\"@id\":\"https:\\\/\\\/dancingwarrior.de\\\/#website\",\"url\":\"https:\\\/\\\/dancingwarrior.de\\\/\",\"name\":\"rockchickdeluxe\",\"description\":\"Text Kreation Strategie\",\"publisher\":{\"@id\":\"https:\\\/\\\/dancingwarrior.de\\\/#organization\"},\"potentialAction\":[{\"@type\":\"SearchAction\",\"target\":{\"@type\":\"EntryPoint\",\"urlTemplate\":\"https:\\\/\\\/dancingwarrior.de\\\/?s={search_term_string}\"},\"query-input\":{\"@type\":\"PropertyValueSpecification\",\"valueRequired\":true,\"valueName\":\"search_term_string\"}}],\"inLanguage\":\"en-US\"},{\"@type\":\"Organization\",\"@id\":\"https:\\\/\\\/dancingwarrior.de\\\/#organization\",\"name\":\"rockchickdeluxe\",\"url\":\"https:\\\/\\\/dancingwarrior.de\\\/\",\"logo\":{\"@type\":\"ImageObject\",\"inLanguage\":\"en-US\",\"@id\":\"https:\\\/\\\/dancingwarrior.de\\\/#\\\/schema\\\/logo\\\/image\\\/\",\"url\":\"https:\\\/\\\/dancingwarrior.de\\\/wp-content\\\/uploads\\\/2023\\\/02\\\/Logo-vector.png\",\"contentUrl\":\"https:\\\/\\\/dancingwarrior.de\\\/wp-content\\\/uploads\\\/2023\\\/02\\\/Logo-vector.png\",\"width\":1200,\"height\":854,\"caption\":\"rockchickdeluxe\"},\"image\":{\"@id\":\"https:\\\/\\\/dancingwarrior.de\\\/#\\\/schema\\\/logo\\\/image\\\/\"}}]}<\/script>\n<!-- \/ Yoast SEO plugin. -->","yoast_head_json":{"title":"Impressum - rockchickdeluxe","description":"Impressum f\u00fcr die Website dancingwarrior.de. Schauen Sie ins Impressum f\u00fcr die rechtlichen Angaben meines Unternehmens.","robots":{"index":"index","follow":"follow","max-snippet":"max-snippet:-1","max-image-preview":"max-image-preview:large","max-video-preview":"max-video-preview:-1"},"canonical":"https:\/\/dancingwarrior.de\/?page_id=2452","og_locale":"en_US","og_type":"article","og_title":"Impressum - rockchickdeluxe","og_description":"Impressum f\u00fcr die Website dancingwarrior.de. Schauen Sie ins Impressum f\u00fcr die rechtlichen Angaben meines Unternehmens.","og_url":"https:\/\/dancingwarrior.de\/?page_id=2452","og_site_name":"rockchickdeluxe","article_modified_time":"2026-01-26T10:55:36+00:00","og_image":[{"width":1024,"height":390,"url":"https:\/\/dancingwarrior.de\/wp-content\/uploads\/2023\/04\/Impressum.jpg","type":"image\/jpeg"}],"twitter_card":"summary_large_image","twitter_misc":{"Est. reading time":"4 minutes"},"schema":{"@context":"https:\/\/schema.org","@graph":[{"@type":"WebPage","@id":"https:\/\/dancingwarrior.de\/?page_id=2452","url":"https:\/\/dancingwarrior.de\/?page_id=2452","name":"Impressum - rockchickdeluxe","isPartOf":{"@id":"https:\/\/dancingwarrior.de\/#website"},"primaryImageOfPage":{"@id":"https:\/\/dancingwarrior.de\/?page_id=2452#primaryimage"},"image":{"@id":"https:\/\/dancingwarrior.de\/?page_id=2452#primaryimage"},"thumbnailUrl":"https:\/\/dancingwarrior.de\/wp-content\/uploads\/2023\/04\/Impressum.jpg","datePublished":"2023-04-01T16:32:10+00:00","dateModified":"2026-01-26T10:55:36+00:00","description":"Impressum f\u00fcr die Website dancingwarrior.de. Schauen Sie ins Impressum f\u00fcr die rechtlichen Angaben meines Unternehmens.","inLanguage":"en-US","potentialAction":[{"@type":"ReadAction","target":["https:\/\/dancingwarrior.de\/?page_id=2452"]}]},{"@type":"ImageObject","inLanguage":"en-US","@id":"https:\/\/dancingwarrior.de\/?page_id=2452#primaryimage","url":"https:\/\/dancingwarrior.de\/wp-content\/uploads\/2023\/04\/Impressum.jpg","contentUrl":"https:\/\/dancingwarrior.de\/wp-content\/uploads\/2023\/04\/Impressum.jpg","width":1024,"height":390,"caption":"Bild Impressum"},{"@type":"WebSite","@id":"https:\/\/dancingwarrior.de\/#website","url":"https:\/\/dancingwarrior.de\/","name":"rockchickdeluxe","description":"Text Kreation Strategie","publisher":{"@id":"https:\/\/dancingwarrior.de\/#organization"},"potentialAction":[{"@type":"SearchAction","target":{"@type":"EntryPoint","urlTemplate":"https:\/\/dancingwarrior.de\/?s={search_term_string}"},"query-input":{"@type":"PropertyValueSpecification","valueRequired":true,"valueName":"search_term_string"}}],"inLanguage":"en-US"},{"@type":"Organization","@id":"https:\/\/dancingwarrior.de\/#organization","name":"rockchickdeluxe","url":"https:\/\/dancingwarrior.de\/","logo":{"@type":"ImageObject","inLanguage":"en-US","@id":"https:\/\/dancingwarrior.de\/#\/schema\/logo\/image\/","url":"https:\/\/dancingwarrior.de\/wp-content\/uploads\/2023\/02\/Logo-vector.png","contentUrl":"https:\/\/dancingwarrior.de\/wp-content\/uploads\/2023\/02\/Logo-vector.png","width":1200,"height":854,"caption":"rockchickdeluxe"},"image":{"@id":"https:\/\/dancingwarrior.de\/#\/schema\/logo\/image\/"}}]}},"_links":{"self":[{"href":"https:\/\/dancingwarrior.de\/index.php?rest_route=\/wp\/v2\/pages\/2452","targetHints":{"allow":["GET"]}}],"collection":[{"href":"https:\/\/dancingwarrior.de\/index.php?rest_route=\/wp\/v2\/pages"}],"about":[{"href":"https:\/\/dancingwarrior.de\/index.php?rest_route=\/wp\/v2\/types\/page"}],"author":[{"embeddable":true,"href":"https:\/\/dancingwarrior.de\/index.php?rest_route=\/wp\/v2\/users\/1"}],"replies":[{"embeddable":true,"href":"https:\/\/dancingwarrior.de\/index.php?rest_route=%2Fwp%2Fv2%2Fcomments&post=2452"}],"version-history":[{"count":20,"href":"https:\/\/dancingwarrior.de\/index.php?rest_route=\/wp\/v2\/pages\/2452\/revisions"}],"predecessor-version":[{"id":3689,"href":"https:\/\/dancingwarrior.de\/index.php?rest_route=\/wp\/v2\/pages\/2452\/revisions\/3689"}],"wp:featuredmedia":[{"embeddable":true,"href":"https:\/\/dancingwarrior.de\/index.php?rest_route=\/wp\/v2\/media\/2455"}],"wp:attachment":[{"href":"https:\/\/dancingwarrior.de\/index.php?rest_route=%2Fwp%2Fv2%2Fmedia&parent=2452"}],"curies":[{"name":"wp","href":"https:\/\/api.w.org\/{rel}","templated":true}]}}